{"id":2,"date":"2010-02-08T00:22:13","date_gmt":"2010-02-08T00:22:13","guid":{"rendered":"https:\/\/wong.it\/blog\/?page_id=2"},"modified":"2024-08-01T17:08:36","modified_gmt":"2024-08-01T15:08:36","slug":"about","status":"publish","type":"page","link":"https:\/\/fr.wubook.net\/blog\/about","title":{"rendered":"Qu&#8217;est-ce que WuBook ?"},"content":{"rendered":"<p><span style=\"font-weight: 400;\">Vous avez une entreprise d&#8217;h\u00f4tellerie ? Voulez-vous en tirer le meilleur parti ?\u00a0\u00a0<\/span><\/p>\n<p><span style=\"font-weight: 400;\">WuBook est la solution logicielle compl\u00e8te et personnalisable de gestion des chambres et des tarifs. Dans une seule plateforme en ligne, consultable \u00e0 la fois depuis un ordinateur de bureau et un t\u00e9l\u00e9phone portable, WuBook vous permet de g\u00e9rer n&#8217;importe quel type d&#8217;\u00e9tablissement d&#8217;h\u00e9bergement.\u00a0<\/span><\/p>\n<h2><span style=\"font-weight: 400;\">Les fonctionnalit\u00e9s de WuBook pour toutes les structures d&#8217;h\u00e9bergement<\/span><\/h2>\n<p><span style=\"font-weight: 400;\">Les services offerts par la suite WuBook sont con\u00e7us pour r\u00e9pondre aux besoins de gestion et de marketing de tout \u00e9tablissement d&#8217;h\u00e9bergement.<\/span><\/p>\n<h3><span style=\"font-weight: 400;\">&gt; Gestion h\u00f4teli\u00e8re<\/span><\/h3>\n<p><span style=\"font-weight: 400;\">Avec la gestion h\u00f4teli\u00e8re de WuBook, vous pouvez g\u00e9rer les r\u00e9servations, les chambres, les tarifs, le m\u00e9nage, la facturation \u00e9lectronique et bien plus encore, le tout \u00e0 partir d&#8217;une interface unique.<\/span><\/p>\n<h3><span style=\"font-weight: 400;\">&gt; Gestion des canaux<\/span><\/h3>\n<p><span style=\"font-weight: 400;\">Le Channel Manager synchronise automatiquement la disponibilit\u00e9, les tarifs et les restrictions de chaque chambre avec les OTA et les m\u00e9ta-recherches. Enti\u00e8rement int\u00e9gr\u00e9 \u00e0 la gestion de l&#8217;h\u00f4tel pour une vue d&#8217;ensemble compl\u00e8te.<\/span><\/p>\n<h3><span style=\"font-weight: 400;\">&gt; Moteur de r\u00e9servation<\/span><\/h3>\n<p><span style=\"font-weight: 400;\">La r\u00e9ception en ligne o\u00f9 vous recevez les r\u00e9servations directement depuis le site web de votre h\u00f4tel. Permet de cr\u00e9er des offres personnalis\u00e9es et de fid\u00e9liser les clients.<\/span><\/p>\n<h3><span style=\"font-weight: 400;\">&gt; Cr\u00e9ation du site web<\/span><\/h3>\n<p><span style=\"font-weight: 400;\">Le site web de votre h\u00f4tel, directement connect\u00e9 au PMS, int\u00e9grable au moteur de r\u00e9servation, graphiquement personnalisable, multilingue et optimis\u00e9 pour les moteurs de recherche (SEO).<\/span><\/p>\n<h3><span style=\"font-weight: 400;\">&gt; Module Restaurant<\/span><\/h3>\n<p><span style=\"font-weight: 400;\">Logiciel de gestion pour les h\u00f4tels avec restaurant, qui permet d&#8217;associer des tables aux chambres de votre \u00e9tablissement touristique et de g\u00e9rer les r\u00e9servations des clients externes.<\/span><\/p>\n<h3><span style=\"font-weight: 400;\">&gt; Yield Manager<\/span><\/h3>\n<p><span style=\"font-weight: 400;\">D\u00e9finissez vos propres r\u00e8gles pour g\u00e9rer automatiquement les prix et la disponibilit\u00e9 de vos chambres en fonction des r\u00e9servations que vous recevez. Augmentez vos revenus.<\/span><\/p>\n<h3><span style=\"font-weight: 400;\">&gt; Estimateur d&#8217;h\u00f4tel<\/span><\/h3>\n<p><span style=\"font-weight: 400;\">L&#8217;Hotel Estimator vous permet de cr\u00e9er un nombre illimit\u00e9 de devis qui peuvent \u00eatre personnalis\u00e9s avec des mod\u00e8les pr\u00e9d\u00e9finis ou avec des textes et des images de votre choix.<\/span><\/p>\n<p>\u00a0<\/p>\n<h2><span style=\"font-weight: 400;\">Les avantages de choisir WuBook<\/span><\/h2>\n<p><span style=\"font-weight: 400;\">Saviez-vous que plus de 22.000 \u00e9tablissements dans le monde ont d\u00e9j\u00e0 choisi WuBook ?<\/span><\/p>\n<p><span style=\"font-weight: 400;\">Le logiciel WuBook est :<\/span><\/p>\n<p><span style=\"font-weight: 400;\">1) convient \u00e0 tous les \u00e9tablissements (h\u00f4tels, g\u00eetes, maisons de vacances, appartements) ;<\/span><\/p>\n<p><span style=\"font-weight: 400;\">2) modulaire, ce qui signifie que vous pouvez choisir les fonctions dont vous avez besoin et les suspendre \u00e0 tout moment ;<\/span><\/p>\n<p><span style=\"font-weight: 400;\">3) sans engagement : vous pouvez utiliser Hotel Base Management gratuitement.<\/span><\/p>\n<p><span style=\"font-weight: 400;\">De plus, gr\u00e2ce au syst\u00e8me ON-OFF, vous n&#8217;activez et ne payez que les fonctionnalit\u00e9s suppl\u00e9mentaires que vous choisissez et seulement quand vous en avez besoin.<\/span><\/p>\n<p><span style=\"font-weight: 400;\">En rejoignant notre communaut\u00e9 :<\/span><\/p>\n<p><span style=\"font-weight: 400;\">&#8211; vous pouvez connecter tous les principaux OTAs et Metasearch par l&#8217;interm\u00e9diaire de notre gestionnaire de canaux ;<\/span><\/p>\n<p><span style=\"font-weight: 400;\">&#8211; vous pouvez interagir avec nous via un forum d\u00e9di\u00e9 ;<\/span><\/p>\n<p><span style=\"font-weight: 400;\">&#8211; vous pouvez contacter notre support interne, disponible 7 jours sur 7 (email, chat, t\u00e9l\u00e9phone) enti\u00e8rement gratuitement.<\/span><\/p>\n<h2><span style=\"font-weight: 400;\">Solutions pour les partenaires technologiques<\/span><\/h2>\n<p><span style=\"font-weight: 400;\">Si vous \u00eates \u00e0 la recherche d&#8217;un partenaire technologique, le logiciel WuBook vous permet de connecter et d&#8217;int\u00e9grer un puissant Channel Manager et un moteur de r\u00e9servation efficace \u00e0 votre syst\u00e8me, via API. Apr\u00e8s avoir d\u00e9velopp\u00e9 l&#8217;int\u00e9gration, vous pouvez choisir les services \u00e0 activer et les g\u00e9rer mensuellement, sans conditions.<\/span><\/p>\n\n","protected":false},"excerpt":{"rendered":"<p>Vous avez une entreprise d&#8217;h\u00f4tellerie ? Voulez-vous en tirer le meilleur parti ?\u00a0\u00a0 WuBook est la solution logicielle&#8230;<\/p>\n","protected":false},"author":708,"featured_media":3614,"parent":0,"menu_order":0,"comment_status":"open","ping_status":"closed","template":"","meta":{"footnotes":""},"class_list":["post-2","page","type-page","status-publish","has-post-thumbnail","hentry","content-wrap"],"yoast_head":"<!-- This site is optimized with the Yoast SEO plugin v26.7 - https:\/\/yoast.com\/wordpress\/plugins\/seo\/ -->\n<title>Qu&#039;est-ce que WuBook ? - WuBook Blog officiel<\/title>\n<meta name=\"robots\" content=\"index, follow, max-snippet:-1, max-image-preview:large, max-video-preview:-1\" \/>\n<link rel=\"canonical\" href=\"https:\/\/fr.wubook.net\/blog\/about\" \/>\n<meta property=\"og:locale\" content=\"en_US\" \/>\n<meta property=\"og:type\" content=\"article\" \/>\n<meta property=\"og:title\" content=\"Qu&#039;est-ce que WuBook ? - WuBook Blog officiel\" \/>\n<meta property=\"og:description\" content=\"Vous avez une entreprise d&#8217;h\u00f4tellerie ? Voulez-vous en tirer le meilleur parti ?\u00a0\u00a0 WuBook est la solution logicielle...\" \/>\n<meta property=\"og:url\" content=\"https:\/\/fr.wubook.net\/blog\/about\" \/>\n<meta property=\"og:site_name\" content=\"WuBook Blog officiel\" \/>\n<meta property=\"article:modified_time\" content=\"2024-08-01T15:08:36+00:00\" \/>\n<meta property=\"og:image\" content=\"https:\/\/fr.wubook.net\/blog\/wp-content\/uploads\/2024\/08\/chi-siamo_WP.png\" \/>\n\t<meta property=\"og:image:width\" content=\"960\" \/>\n\t<meta property=\"og:image:height\" content=\"540\" \/>\n\t<meta property=\"og:image:type\" content=\"image\/png\" \/>\n<meta name=\"twitter:card\" content=\"summary_large_image\" \/>\n<meta name=\"twitter:label1\" content=\"Est. reading time\" \/>\n\t<meta name=\"twitter:data1\" content=\"3 minutes\" \/>\n<script type=\"application\/ld+json\" class=\"yoast-schema-graph\">{\"@context\":\"https:\/\/schema.org\",\"@graph\":[{\"@type\":\"WebPage\",\"@id\":\"https:\/\/fr.wubook.net\/blog\/about\",\"url\":\"https:\/\/fr.wubook.net\/blog\/about\",\"name\":\"Qu'est-ce que WuBook ? - WuBook Blog officiel\",\"isPartOf\":{\"@id\":\"https:\/\/fr.wubook.net\/blog\/#website\"},\"primaryImageOfPage\":{\"@id\":\"https:\/\/fr.wubook.net\/blog\/about#primaryimage\"},\"image\":{\"@id\":\"https:\/\/fr.wubook.net\/blog\/about#primaryimage\"},\"thumbnailUrl\":\"https:\/\/fr.wubook.net\/blog\/wp-content\/uploads\/2024\/08\/chi-siamo_WP.png\",\"datePublished\":\"2010-02-08T00:22:13+00:00\",\"dateModified\":\"2024-08-01T15:08:36+00:00\",\"breadcrumb\":{\"@id\":\"https:\/\/fr.wubook.net\/blog\/about#breadcrumb\"},\"inLanguage\":\"en-US\",\"potentialAction\":[{\"@type\":\"ReadAction\",\"target\":[\"https:\/\/fr.wubook.net\/blog\/about\"]}]},{\"@type\":\"ImageObject\",\"inLanguage\":\"en-US\",\"@id\":\"https:\/\/fr.wubook.net\/blog\/about#primaryimage\",\"url\":\"https:\/\/fr.wubook.net\/blog\/wp-content\/uploads\/2024\/08\/chi-siamo_WP.png\",\"contentUrl\":\"https:\/\/fr.wubook.net\/blog\/wp-content\/uploads\/2024\/08\/chi-siamo_WP.png\",\"width\":960,\"height\":540,\"caption\":\"wubook-pms\"},{\"@type\":\"BreadcrumbList\",\"@id\":\"https:\/\/fr.wubook.net\/blog\/about#breadcrumb\",\"itemListElement\":[{\"@type\":\"ListItem\",\"position\":1,\"name\":\"Home\",\"item\":\"https:\/\/fr.wubook.net\/blog\/\"},{\"@type\":\"ListItem\",\"position\":2,\"name\":\"Qu&#8217;est-ce que WuBook ?\"}]},{\"@type\":\"WebSite\",\"@id\":\"https:\/\/fr.wubook.net\/blog\/#website\",\"url\":\"https:\/\/fr.wubook.net\/blog\/\",\"name\":\"WuBook Blog officiel\",\"description\":\"\",\"publisher\":{\"@id\":\"https:\/\/fr.wubook.net\/blog\/#organization\"},\"potentialAction\":[{\"@type\":\"SearchAction\",\"target\":{\"@type\":\"EntryPoint\",\"urlTemplate\":\"https:\/\/fr.wubook.net\/blog\/?s={search_term_string}\"},\"query-input\":{\"@type\":\"PropertyValueSpecification\",\"valueRequired\":true,\"valueName\":\"search_term_string\"}}],\"inLanguage\":\"en-US\"},{\"@type\":\"Organization\",\"@id\":\"https:\/\/fr.wubook.net\/blog\/#organization\",\"name\":\"WuBook Blog officiel\",\"url\":\"https:\/\/fr.wubook.net\/blog\/\",\"logo\":{\"@type\":\"ImageObject\",\"inLanguage\":\"en-US\",\"@id\":\"https:\/\/fr.wubook.net\/blog\/#\/schema\/logo\/image\/\",\"url\":\"https:\/\/fr.wubook.net\/blog\/wp-content\/uploads\/2019\/10\/cropped-wubook-blog-logo.jpg\",\"contentUrl\":\"https:\/\/fr.wubook.net\/blog\/wp-content\/uploads\/2019\/10\/cropped-wubook-blog-logo.jpg\",\"width\":214,\"height\":48,\"caption\":\"WuBook Blog officiel\"},\"image\":{\"@id\":\"https:\/\/fr.wubook.net\/blog\/#\/schema\/logo\/image\/\"}}]}<\/script>\n<!-- \/ Yoast SEO plugin. -->","yoast_head_json":{"title":"Qu'est-ce que WuBook ? - WuBook Blog officiel","robots":{"index":"index","follow":"follow","max-snippet":"max-snippet:-1","max-image-preview":"max-image-preview:large","max-video-preview":"max-video-preview:-1"},"canonical":"https:\/\/fr.wubook.net\/blog\/about","og_locale":"en_US","og_type":"article","og_title":"Qu'est-ce que WuBook ? - WuBook Blog officiel","og_description":"Vous avez une entreprise d&#8217;h\u00f4tellerie ? Voulez-vous en tirer le meilleur parti ?\u00a0\u00a0 WuBook est la solution logicielle...","og_url":"https:\/\/fr.wubook.net\/blog\/about","og_site_name":"WuBook Blog officiel","article_modified_time":"2024-08-01T15:08:36+00:00","og_image":[{"width":960,"height":540,"url":"https:\/\/fr.wubook.net\/blog\/wp-content\/uploads\/2024\/08\/chi-siamo_WP.png","type":"image\/png"}],"twitter_card":"summary_large_image","twitter_misc":{"Est. reading time":"3 minutes"},"schema":{"@context":"https:\/\/schema.org","@graph":[{"@type":"WebPage","@id":"https:\/\/fr.wubook.net\/blog\/about","url":"https:\/\/fr.wubook.net\/blog\/about","name":"Qu'est-ce que WuBook ? - WuBook Blog officiel","isPartOf":{"@id":"https:\/\/fr.wubook.net\/blog\/#website"},"primaryImageOfPage":{"@id":"https:\/\/fr.wubook.net\/blog\/about#primaryimage"},"image":{"@id":"https:\/\/fr.wubook.net\/blog\/about#primaryimage"},"thumbnailUrl":"https:\/\/fr.wubook.net\/blog\/wp-content\/uploads\/2024\/08\/chi-siamo_WP.png","datePublished":"2010-02-08T00:22:13+00:00","dateModified":"2024-08-01T15:08:36+00:00","breadcrumb":{"@id":"https:\/\/fr.wubook.net\/blog\/about#breadcrumb"},"inLanguage":"en-US","potentialAction":[{"@type":"ReadAction","target":["https:\/\/fr.wubook.net\/blog\/about"]}]},{"@type":"ImageObject","inLanguage":"en-US","@id":"https:\/\/fr.wubook.net\/blog\/about#primaryimage","url":"https:\/\/fr.wubook.net\/blog\/wp-content\/uploads\/2024\/08\/chi-siamo_WP.png","contentUrl":"https:\/\/fr.wubook.net\/blog\/wp-content\/uploads\/2024\/08\/chi-siamo_WP.png","width":960,"height":540,"caption":"wubook-pms"},{"@type":"BreadcrumbList","@id":"https:\/\/fr.wubook.net\/blog\/about#breadcrumb","itemListElement":[{"@type":"ListItem","position":1,"name":"Home","item":"https:\/\/fr.wubook.net\/blog\/"},{"@type":"ListItem","position":2,"name":"Qu&#8217;est-ce que WuBook ?"}]},{"@type":"WebSite","@id":"https:\/\/fr.wubook.net\/blog\/#website","url":"https:\/\/fr.wubook.net\/blog\/","name":"WuBook Blog officiel","description":"","publisher":{"@id":"https:\/\/fr.wubook.net\/blog\/#organization"},"potentialAction":[{"@type":"SearchAction","target":{"@type":"EntryPoint","urlTemplate":"https:\/\/fr.wubook.net\/blog\/?s={search_term_string}"},"query-input":{"@type":"PropertyValueSpecification","valueRequired":true,"valueName":"search_term_string"}}],"inLanguage":"en-US"},{"@type":"Organization","@id":"https:\/\/fr.wubook.net\/blog\/#organization","name":"WuBook Blog officiel","url":"https:\/\/fr.wubook.net\/blog\/","logo":{"@type":"ImageObject","inLanguage":"en-US","@id":"https:\/\/fr.wubook.net\/blog\/#\/schema\/logo\/image\/","url":"https:\/\/fr.wubook.net\/blog\/wp-content\/uploads\/2019\/10\/cropped-wubook-blog-logo.jpg","contentUrl":"https:\/\/fr.wubook.net\/blog\/wp-content\/uploads\/2019\/10\/cropped-wubook-blog-logo.jpg","width":214,"height":48,"caption":"WuBook Blog officiel"},"image":{"@id":"https:\/\/fr.wubook.net\/blog\/#\/schema\/logo\/image\/"}}]}},"_links":{"self":[{"href":"https:\/\/fr.wubook.net\/blog\/wp-json\/wp\/v2\/pages\/2","targetHints":{"allow":["GET"]}}],"collection":[{"href":"https:\/\/fr.wubook.net\/blog\/wp-json\/wp\/v2\/pages"}],"about":[{"href":"https:\/\/fr.wubook.net\/blog\/wp-json\/wp\/v2\/types\/page"}],"author":[{"embeddable":true,"href":"https:\/\/fr.wubook.net\/blog\/wp-json\/wp\/v2\/users\/708"}],"replies":[{"embeddable":true,"href":"https:\/\/fr.wubook.net\/blog\/wp-json\/wp\/v2\/comments?post=2"}],"version-history":[{"count":11,"href":"https:\/\/fr.wubook.net\/blog\/wp-json\/wp\/v2\/pages\/2\/revisions"}],"predecessor-version":[{"id":3698,"href":"https:\/\/fr.wubook.net\/blog\/wp-json\/wp\/v2\/pages\/2\/revisions\/3698"}],"wp:featuredmedia":[{"embeddable":true,"href":"https:\/\/fr.wubook.net\/blog\/wp-json\/wp\/v2\/media\/3614"}],"wp:attachment":[{"href":"https:\/\/fr.wubook.net\/blog\/wp-json\/wp\/v2\/media?parent=2"}],"curies":[{"name":"wp","href":"https:\/\/api.w.org\/{rel}","templated":true}]}}